 0*s = 5*s + d, -1314 = -2*u + 4*s. Is u a prime number?
True
Is ((-4804646)/147)/(-2*1/3) composite?
True
Let l(z) = 71*z**2 + 28*z - 5410. Is l(-54) a composite number?
True
Suppose -4*x - 3 = 2*b - 25, -3*b = 4*x - 23. Let k(n) = -654*n - 4. Let w(s) = 220*s + 1. Let j(z) = -6*k(z) - 17*w(z). Is j(b) prime?
True
Let n be ((-3)/(-6))/((-1 - 1)/4). Let q(o) = -2*o**3 - 3*o - 2. Let k be q(n). Suppose -776 = -k*z - 71. Is z a prime number?
False
Let g = -25357 - -45918. Is g a prime number?
False
Suppose -11 + 20 = r. Suppose -r = -4*h - 21, 6*d - 753 = -3*h. Is d prime?
True
Suppose 9*n + 24457 + 1052416 = 58*n. Is n composite?
False
Let f = 12 - 18. Let o be 1*(-2)/6 - 26/f. Is o - (-2187)/12 - (-9)/12 a composite number?
True
Let m(k) = k**2 + 13*k - 26. Let x be m(-15). Is 22486/8*x + -4 a composite number?
False
Let g(u) = 31*u**2 - 90 + 56 + 63*u + 11*u + 53. Is g(-20) a prime number?
True
Let j(n) be the second derivative of -37*n**3/6 + 4*n**2 + 2*n. Let b(m) = 2*m**2 + 97*m + 41. Let l be b(-48). Is j(l) composite?
True
Let w = 7274 + 1254. Let y = w + -5739. Is y a prime number?
True
Let u(o) = -o**3 - 6*o**2 + 1412*o - 87. Is u(-76) a composite number?
False
Let t(r) be the second derivative of -59*r**6/180 + 17*r**5/120 - 3*r**4/2 - 36*r. Let p(w) be the third derivative of t(w). Is p(-2) prime?
False
Let u(v) = v**2 + 20*v + 10. Let x be (-12)/(25/(-10) + 1). Let q(k) = -k**3 + 8*k**2 + 4*k - 13. Let b be q(x). Is u(b) composite?
False
Let a(y) = -5*y**2 - 22*y - 3. Let w be a(-4). Suppose -5227 = -w*h + 5578. Is h a composite number?
False
Suppose 15*c - 195152 = -c. Is c a prime number?
True
Suppose -4095 = g - 3*z, 11535 = -5*g + 5*z - 8960. Let h = 7040 + g. Is h a prime number?
True
Suppose 0 = -4*t + 15*a - 12*a + 326456, -2*t - 4*a + 163206 = 0. Is t composite?
False
Suppose 0 = -79*k + 242*k - 3140521. Is k a composite number?
False
Suppose -4*t + 46 = 3*h, -5*t + 31 = -3*h - 13. Let j(i) = 7*i**2 - 11*i + 23. Let b be j(t). Suppose -2*s + 4666 = -w, 1720 = s - 4*w - b. Is s composite?
False
Suppose -83*g = -86*g + 10488. Let w = -1317 + g. Is w composite?
False
Suppose -3*w = 3, -3*z + 38 = -5*w - 27. Suppose 8586 = -z*p + 41326. Is p a prime number?
True
Let z(o) = -13*o**3 - 17*o**2 - 95*o + 34. Let j(y) = 7*y**3 + 9*y**2 + 48*y - 17. Let h(v) = 5*j(v) + 3*z(v). Is h(-10) composite?
True
Let x = -1933251 + 2746298. Is x a composite number?
True
Suppose 0 = 2*u - 4, -2*s + 4*u + 89100 + 236078 = 0. Is s a composite number?
False
Suppose 3*k = -30*k - 164934. Let u = 463 - k. Is u a prime number?
False
Let i(b) = -8*b**3 - 2*b**2 + 107*b + 736. Is i(-37) a prime number?
True
Let b = -1587 - -1583. Let w(s) be the first derivative of -59*s**2/2 + 3*s + 2. Is w(b) a prime number?
True
Is 4327484/28*(-1)/(-7) composite?
False
Let k(w) = -w**3 - 12*w**2 + 11*w**2 + 7*w**2 + 5 + w. Let u be k(6). Suppose -u*h + 55 = -10*h. Is h prime?
False
Is ((-1312)/48)/41*(-486327)/2 prime?
True
Suppose -369193 = 86*j - 97*j. Is j a prime number?
True
Let s(c) = 14922 + 12152 - 28*c - 695 - 10184 + 21954. Is s(0) a composite number?
False
Let w(n) = -4394*n - 4031. Is w(-80) a prime number?
True
Let m(c) = -3*c + 1. Let t be m(0). Suppose -3 = r - t, -x = -r - 2. Is (x - 2)/((20/4435)/(-2)) a composite number?
False
Let b(n) = n**3 - 46*n**2 + 324*n + 58. Is b(39) prime?
False
Let p(l) = -3*l - 4. Let g(b) = -5*b - 6. Let i(f) = 5*g(f) - 8*p(f). Let y be i(-1). Suppose -w + 2722 = -0*w - r, 0 = r + y. Is w composite?
False
Let a be 28/(-84)*(1 + -10). Is ((-2)/a)/(6/(-11331)) prime?
True
Suppose -5*o + 4*v + 223424 - 15087 = 0, -5*o = 2*v - 208349. Is o/((-5)/(-45)*9) a composite number?
False
Suppose 3*d - 1293535 = -0*q + 4*q, 2*d + q - 862353 = 0. Is d a composite number?
True
Suppose 370*h - 10803 = 365*h - 4*k, -3*h + 6467 = -5*k. Is h a prime number?
False
Suppose -5*y + 2*g = -3306, 0 = -8*g + 3*g - 15. Let x be (2 - y)*15/(-10). Is x/(-6)*(-7)/(21/6) a prime number?
False
Let b = 2620391 + -1147681. Suppose -14*m = 20*m - b. Is m a composite number?
True
Suppose -2*x - 16*r + 1421198 = -20*r, 3*x + r = 2131769. Is x a composite number?
True
Let v(y) = 22*y**3 - 2*y**2 + 4*y - 2. Let t be v(1). Suppose 5994 = t*s - 170864. Is s a composite number?
False
Let w be 1 + 1 + -7 + 169. Let j be w/52 + 2/(-13). Suppose -6*f - y + 176 = -j*f, -2 = 2*y. Is f a prime number?
True
Let a be 2684/264 - 1/6. Is 14542/4 - (136/16 - a) a prime number?
True
Suppose 0 = -o + 5*f + 1335, -2*o + 1541*f + 2642 = 1538*f. Is o a prime number?
False
Suppose 0 = -13*n + 4224590 - 711093. Is n a composite number?
False
Let w = -182 - -54. Let h = 179 - w. Is h composite?
False
Let r(k) be the second derivative of 15*k + 0 - 5/2*k**2 - 43/6*k**3. Is r(-4) a prime number?
True
Let h(w) = 193*w**2 - 7*w - 7. Let a = -24 + 22. Let d(s) = -97*s**2 + 3*s + 3. Let o(n) = a*h(n) - 5*d(n). Is o(-2) prime?
True
Let o = 1255040 + 1998591. Is o a prime number?
True
Suppose -28 = 551*m - 555*m. Is ((-1674)/(-10) - (-22)/(-55))*m composite?
True
Suppose 7*o = o + 4962. Suppose -4*z = -j + 816 + o, -4899 = -3*j - 3*z. Let i = -344 + j. Is i a composite number?
False
Suppose f - 4*a - 20 = 0, 2*a + 28 = 2*f + 3*f. Suppose 2*w - f*p - 4 = 0, -2*p - 2 = -3*w + 16. Is 2/w + 8082/24 a composite number?
False
Let v(s) = 73*s**3 - 3*s**2 + 3*s. Let f(w) = w**3 + 7*w**2 - w - 5. Let h be f(-7). Let j be v(h). Suppose -t + 419 = -j. Is t prime?
True
Let s = 60682 - -45849. Is s a composite number?
False
Let r be (-60)/(-18)*2*(-48)/(-5). Let o be r/16 - (3031 - 1). Let t = o - -6479. Is t prime?
False
Suppose -2*f = -3*a - 3*f + 578682, 0 = -2*a + 3*f + 385788. Suppose 163*r - a = 157*r. Is r composite?
True
Suppose 5*y - 18897 = 2*y. Let u = y - 3536. Suppose 0 = 16*h - 7*h - u. Is h composite?
False
Let q = 132 + -88. Suppose 0 = -49*r + 53*r + q. Let d = 57 + r. Is d a prime number?
False
Is 143626042/2414 - 8/68 prime?
True
Let r(t) be the third derivative of 0 - 2*t**2 + 20*t - 1/3*t**3 + 11/24*t**4. Is r(3) prime?
True
Suppose 335087 = 4*k + 5*s, -7*s - 251315 = -3*k - 11*s. Is k composite?
False
Is 1*121008 + 54 + -59 a composite number?
True
Suppose 0 = -2*t - 2, 4*t + 8659 = 4*d + t. Let j = d - 1485. Is j a composite number?
True
Let i(x) = 37*x - 828. Is i(55) prime?
False
Suppose -35 = -254*u + 259*u, 2*f + 5*u = 181907. Is f a prime number?
True
Let s(q) = 10*q + 77. Let v be s(-8). Is (-8 - -849) + (-3 - v) a prime number?
False
Let l be 0/((-8)/(-1) - 3). Suppose -2*y + j + 2162 = l, 3*y - 4*j + 3*j = 3242. Let p = y - -67. Is p a composite number?
True
Let h(s) = s**2 + 3*s + 2786. Let n be h(0). Suppose -1047 = z - n. Is z a composite number?
True
Let h(m) = 33*m**2 + 31*m + 529. Is h(63) a composite number?
True
Suppose 461*d = 474*d - 1461863. Is d composite?
True
Suppose -38*q - 175458 + 784717 + 502659 = 0. Is q a prime number?
False
Let o(j) = j**2 - j. Let i be o(1). Suppose -6*q + 11 + 1 = i. Suppose 3*w - 198 - 30 = v, 5*w - 379 = q*v. Is w prime?
False
Let x be 1/((-21)/7*2/6). Let w be (x + 12/8)*157*2. Let v = -98 + w. Is v a composite number?
False
Let z be (-13)/(-39) - (-5)/3 - 2. Let y(o) = -o**3 + 2*o**2 - 3*o + 226. Is y(z) prime?
False
Let u(p) be the second derivative of p**5/20 + p**3 - p**2 - 13*p. Let q be u(3). Is q/((-1 - 4)/(-5)) prime?
True
Let q = -1 - -8. Let k be (1/(-5) - q/(-10))*0. Suppose k*i + 4666 = 2*i. Is i a composite number?
False
Let q(l) = 24*l**2 - 13*l + 27. Let s(h) = -36*h**2 + 19*h - 40. Let f(n) = -7*q(n) - 5*s(n). Is f(4) prime?
False
Suppose -14*l = -19 - 37. Suppose -l*j + 3215 = d - 382, -3*d + 1801 = 2*j. Is j prime?
False
Let f(l) = -2*l**3 + 6*l**2 + 8*l + 16. Let m = 24 + -34. Let r be f(m). Is r/12*(-15)/(-10) a prime number?
True
Let h = 264 - 141. Let c = 256 + h. Is c a composite number?
False
Let r = 254 + -244. Suppose -r*y + 10415 = -12915. Is y composite?
False
Suppose 0 = 3*t - 8 + 8. Suppose -3*f + 3*p + 30396 = t, -f - p + 8378 = -1748. Is f a prime number?
False
Let x(o) = 2*o**3 - 19*o**2 + 19*o - 9. Let p(h) = 20*h**2 + 3*h - 3. Let g be p(-1). Is x(g) composite?
True
Is -3 + (-1483830)/(-35) - (-32)/(-28) a composite number?
False
Let j(a) = -7*a**3 + 16*a**2 + 15*a + 7. Let p be 3150/180*(-